).
-16
Let y(s) = 7*s**3 + 12*s**2 - 6*s. Let z be (-2 - 0) + -6 + 2. Let x(i) = -6*i**3 - 11*i**2 + 5*i. Let c(q) = z*x(q) - 5*y(q). Give c(-6).
0
Let t(l) = l - 15. Let y be t(12). Let r be 1*(y + 2) - -3. Let f(b) = b - 3*b - b. What is f(r)?
-6
Let r(f) be the first derivative of -13*f**2/2 - f + 3. Let d be (8/16)/((-2)/4). Determine r(d).
12
Let d(a) = -a**3 + 8*a**2 - 8*a + 5. Suppose -3*g + 10 = 3*b - 17, 0 = 5*b - 4*g - 27. Give d(b).
-2
Let x(g) = -4*g - 18. Let b be x(-5). Let l(i) = 2*i**3 - 2*i**2 + 6*i - 7. Let j(w) = w**3 - w**2 + 3*w - 4. Let m(c) = 5*j(c) - 3*l(c). Give m(b).
-9
Let v(d) = 11*d - 3. Let a(u) = -56*u + 16. Let o(k) = 3*a(k) + 16*v(k). Let m be (4/6)/(16/24*-1). Give o(m).
-8
Let y = 9 + -8. Suppose p - y - 6 = -3*s, 3*s + 9 = 3*p. Let z(i) = 5*i + 6. Let m(c) = 6*c + 7. Let b(a) = 3*m(a) - 4*z(a). Determine b(p).
-11
Let n be 2/4 + 10/4. Let h = 22 - 22. Let r(i) = -i + h*i + n*i - 3*i. Calculate r(-4).
4
Suppose -3*t - 3 = 6. Let z(u) = -u**2 + 2*u - 1. Determine z(t).
-16
Let r(a) = 5*a + 1. Let u(d) be the first derivative of d**4/4 + 4*d**3/3 + 2*d**2 + 2*d + 3. Let w be u(-3). Give r(w).
-4
Suppose -3*h + 15 = 3. Let k(z) = z**2 - 4*z - 1. Calculate k(h).
-1
Let k(u) be the second derivative of -u**4/4 - u**3/3 + 3*u**2/2 - 8*u - 2. Calculate k(2).
-13
Suppose 0 = -4*g + t - 37, 5*g - 4*t = -3 - 46. Let p = g - -4. Let n = 3 + p. Let y(f) = f**3 - 2*f**2 - 2*f + 2. What is y(n)?
-10
Let x(t) be the third derivative of t**7/1008 - t**5/60 - 2*t**2. Let m(d) be the third derivative of x(d). Suppose -3*z + 7 - 4 = 0. Calculate m(z).
5
Let o(n) be the second derivative of -n**5/20 + n**4/3 - n**3/2 + n**2 + 4*n. Suppose -4*f - 19 = -h, f + 13 = 3*h - 0. Determine o(h).
2
Let x(c) = -c**2 - 6*c - 6. Let b be x(-4). Suppose -5*j + 85 = -0*j. Let v(w) = 29*w - 26. Let n(d) = 10*d - 9. Let k(i) = j*n(i) - 6*v(i). Give k(b).
-5
Let i(y) = -y**2 + y - 5. Suppose -4*q = -8, 3*k - 10 = k - 5*q. What is i(k)?
-5
Let z(p) be the third derivative of -p**6/120 - 7*p**5/60 - 7*p**4/24 - 2*p**3/3 - 6*p**2. What is z(-6)?
2
Let o(u) = 1. Let c(y) = 6*y + 3. Let g(w) = w. Let r(s) = c(s) - 5*g(s). Let x(l) = 6*o(l) - r(l). Calculate x(0).
3
Let r(t) = 1 - 5*t**2 + t**3 - 2 + 0. Let b(x) = -4*x - 1. Let p be b(-4). Let i be 3/(-15) - (-78)/p. Give r(i).
-1
Let f = -21 + 23. Suppose -12 + 2 = -f*i. Let h(j) = 2*j - 5. Determine h(i).
5
Let h(t) = -6*t**2 - 5*t + 2. Let l(w) = 5*w**2 + 4*w - 2. Let y(k) = 4*h(k) + 5*l(k). Let u be y(2). Let r(a) = -3*a**2 + a**u + a - 2*a. Give r(-1).
-1
Let w(i) = -i**2 - 2. Let q be w(0). Let h(z) = -z**2 + 3*z - 1. Let u(c) = 2*c**2 - 7*c + 2. Let k(o) = 7*h(o) + 3*u(o). Calculate k(q).
-5
Let i(v) be the second derivative of v**3/2 + v. Suppose s + 5*x - 24 - 7 = 0, 25 = 5*x. Suppose c + 2*c = -s. Determine i(c).
-6
Let q(a) = -5*a**3 + a**2 - 12*a - 9. Let w(i) = i**3 - i**2 + i + 2. Let g(f) = -q(f) - 6*w(f). Determine g(6).
-3
Let s(l) = l**2 + 6*l + 3. Suppose -4*f + 32 = -3*x, -2*x = -5*f - 7*x + 75. Let i = -15 + f. What is s(i)?
-5
Let h(f) = 11*f**3 - 2*f**2 + f. Let s = 6 - 6. Let o(i) = -i + 1. Let m be o(s). What is h(m)?
10
Let w be ((-2)/6)/(4/(-12)). Suppose -j - 7 = -3*s + w, 4 = 4*s + 2*j. Let u(c) = -5 - c**2 + 1 + 0 + 7*c + s. Give u(4).
10
Let z be 0 + 0 + (-12)/(-6). Let y(k) = 3*k - 4*k**z + 2 + 2*k**2 + 0*k**2 + 3*k**2. Calculate y(-4).
6
Suppose 0 = -3*z + 417 - 48. Let x(r) = 61 - 3*r - z + 63. Calculate x(-1).
4
Let k(y) be the third derivative of y**6/120 - y**5/60 + y**3/6 + 2*y**2. Let s(x) = -3*x**3 + 6*x**2 + 3*x - 4. Let v(c) = 4*k(c) + s(c). Give v(-2).
-6
Suppose -d - 4*d - 20 = 2*w, 0 = w - 3*d - 12. Let c(i) = -i**2 + 4. Give c(w).
4
Let x(a) = -a**2 - 4*a - 1. Let b(m) = m**2 - 5*m + 2. Let n be b(3). Give x(n).
-1
Let j(b) = 2*b**3 - b**2 - 2*b + 3. Let c(x) = -x**2 + 10*x + 13. Let v be c(11). Give j(v).
11
Let m(j) = j**2 - 2 - 6*j + 2 + 3. Let s be m(5). Let v(d) = -d - 2. Determine v(s).
0
Let r = 4 + -3. Suppose 4*z - 4*p - 36 = 0, -2*p - 10 - 4 = -z. Let a(x) = -6*x**3 + 1 + 0*x**2 + 2*x**2 - 2*x + z*x**3. What is a(r)?
-1
Suppose 0*h = -h. Suppose -6 - 4 = -q - 3*y, h = -3*q + 4*y - 35. Let o(n) = -n - 1. Let v(b) = 6*b + 15. Let k(s) = 5*o(s) + v(s). Give k(q).
5
Suppose 0 = -d - 6 + 7. Let v(x) = 2 - 2 + 4*x**2 - x. Determine v(d).
3
Let y = 7 + -4. Suppose 0*a - 2*a = -24. Let w(l) = -2*l - a + 12. What is w(y)?
-6
Suppose -5*y - 2 = -4*y. Let v(w) = -w**3 - 2*w**2 - 3*w - 2. Calculate v(y).
4
Let b(j) = -j**2 - 6*j - 6. Let v(d) = d**2 + 5*d + 6. Let g(n) = 3*b(n) + 2*v(n). What is g(-6)?
6
Let s(g) = -g + 2. Suppose 3*z = 3*w, 2*w + 7 - 1 = 4*z. Suppose -c + 2*a - w = 0, -45 = -c - 4*c - 5*a. Suppose -c = -3*d + 10. What is s(d)?
-3
Let n be (5/2)/(19/38). Let l(f) = -f**2 + 4*f - 3. Give l(n).
-8
Let h(g) = -20*g - 4. Let b(s) = 7*s + 1. Let u(p) = -11*b(p) - 4*h(p). Suppose -4*k = -2*k - 6. Suppose -k*o = q + o + 16, 0 = 3*o + 9. Determine u(q).
-7
Let w(m) be the second derivative of -m**5/20 + m**4/2 - 2*m**3/3 - 5*m**2/2 - 8*m. Determine w(5).
0
Let r(l) = l**2 - 1. Let y(f) = 4*f**2 - 2*f - 3. Let g(h) = 2*r(h) - y(h). Calculate g(2).
-3
Let g = 9 - 2. Let r(n) = -n**2 + 6*n + 5. Give r(g).
-2
Let m(k) = k**2 - 8*k + 4. Let a be m(0). Let x(c) = -11*c**2 - 4*c - 2. Let q(y) = 5*y**2 + 2*y + 1. Let t(s) = -13*q(s) - 6*x(s). Give t(a).
7
Suppose -2*u + 5*t = 30, 5*t - 35 = 2*u + u. Let s(z) = -2*z - 6. Determine s(u).
4
Let a(z) = z + 2. Let o be a(-9). Let m(t) = -4*t**2 - 11*t - 2. Let l(p) = -p**2 - p. Let i(x) = 3*l(x) - m(x). Calculate i(o).
-5
Let a = -5 + 2. Let z(h) be the third derivative of -h**6/360 - h**5/40 - h**4/24 - 3*h**2. Let s(y) be the second derivative of z(y). Give s(a).
3
Let r(m) = m + 1. Suppose -2*k = 0, -2*n + 0 - 2 = 3*k. Let y be (1 - n) + (-20)/(-2). Let l be (-4)/14 - y/7. Give r(l).
-1
Let i = -28 - -34. Let j(x) = x**2 - 6*x. Give j(i).
0
Let x(u) = -5*u**3 - 3*u**2 + 2*u + 2. Let n(g) = 4*g**3 + 3*g**2 - 3*g - 3. Let v(f) = -4*n(f) - 3*x(f). Suppose -3*y = y + 16. Calculate v(y).
-2
Let p(u) = -2*u + 1. Let i be p(-1). Suppose -i*l - 3 = -3*v, 5*v + 5*l + 19 = -16. Let k(b) = 3*b - 1. Calculate k(v).
-10
Suppose 4*w = 5*g - 30, 4*g - 3*w - 3 = 20. Suppose 2*r - 5*n - 16 = -g*n, -r + 6 = -n. Let i(m) = -3*m**2 + 3*m - 1. Give i(r).
-7
Suppose -2*s + 5*s - 5*l = 24, -3*s - 3 = 4*l. Let k be 0 - 0*4/(-8). Suppose s = v - k. Let g(o) = -2*o - 4. Determine g(v).
-10
Let v(x) = -9*x - 2. Let h(j) = -5*j - 1. Let c(b) = -7*h(b) + 4*v(b). What is c(3)?
-4
Let v(o) = 0 + 5*o + 3 - 7*o. Let l(g) = -g**2 - 4*g + 1. Let h be l(-3). Calculate v(h).
-5
Let c(s) = s**2 + s - 5. Let r(p) = 2*p**2 + 3*p - 11. Let n(a) = -9*c(a) + 4*r(a). Calculate n(4).
-3
Let a = -33 - -50. Suppose 3*m + n - a = -m, m - 2*n = -7. Let t = m + -6. Let y(z) = z**3 + 5*z**2 + 4*z + 2. Calculate y(t).
8
Let a(u) be the third derivative of u**6/360 - u**5/60 - u**4/24 - u**3/2 - 3*u**2. Let d(v) be the first derivative of a(v). Determine d(-2).
7
Let p(u) = 5*u**2 + 3*u + 3. Suppose -3*v = 5*a + 35, -2*a - 3*a - v - 25 = 0. Let f(b) = 11*b**2 + 7*b + 7. Let c(s) = a*f(s) + 9*p(s). What is c(0)?
-1
Let j = -13 - -23. Let t be 10/(-4)*(-8)/j. Let z(m) = -8*m**2 - 8*m + 17. Let k(n) = -3*n**2 - 3*n + 6. Let u(w) = 11*k(w) - 4*z(w). Determine u(t).
-8
Let a be 8 - (0/2 + 2). Let l(m) = m**3 - 2*m**2 - 8*m - 10. Let k(u) = u**3 - 3*u**2 - 7*u - 9. Let b(w) = 3*k(w) - 2*l(w). Determine b(a).
-1
Let m(t) = t - 2*t - t**2 + 5*t + 3 + 3. Calculate m(5).
1
Let t be 1/6 - (-4)/(-24). Let y(s) = t*s**2 - 10 + 5*s + s + s**2. Give y(-8).
6
Let q = 18 + -16. Let k(o) = -7*o + 0 - 7 + 2 - 1 - o**q. What is k(-6)?
0
Let m(t) = -2*t + 0 - 4*t**2 - 2 + 9*t - 3*t**3 + 2*t**3. Determine m(-6).
28
Let o be 9/(-2)*14/(-21). Let h(b) = 2*b + 2*b + 5*b**2 + 1 - 8*b**2. What is h(o)?
-14
Let d = 0 - 0. Let v be -1 - (d/1)/(-3). Let g be (-1 + v)*(-12)/8. Let a(l) = l**3 - 4*l**2 + 4*l + 1. Give a(g).
4
Let h = 55 + -60. Let q(n) = -n**3 - 5*n**2 - 3*n - 2. Determine q(h).
13
Let v(j) = -j**2 + 3*j + 3. Let s(o) = -o**2 - 4*o - 3. Let l be s(-4). Suppose i + 4*z = -0*i - 20, -2*i - 5*z = 25. Let n be l*(2 + i - 3). Calculate v(n).
3
Let p = -52 + 55. Let o(l) = l**